
Calculate the highest common divisor of 70 and 574.
14
Calculate the greatest common divisor of 360 and 6680.
40
What is the greatest common divisor of 6 and 5646?
6
What is the greatest common factor of 17 and 2550?
17
What is the highest common divisor of 28 and 168?
28
Calculate the highest common factor of 203 and 29.
29
What is the greatest common factor of 142 and 7313?
71
Calculate the greatest common divisor of 553 and 158.
79
Calculate the greatest common factor of 63 and 126.
63
What is the greatest common factor of 25 and 80?
5
What is the highest common factor of 70 and 11550?
70
What is the highest common factor of 120 and 25?
5
Calculate the highest common divisor of 50 and 10.
10
Calculate the greatest common divisor of 1498 and 42.
14
Calculate the highest common factor of 426 and 1136.
142
What is the highest common factor of 1513 and 1602?
89
What is the greatest common factor of 861 and 21?
21
Calculate the greatest common divisor of 8 and 140.
4
What is the highest common factor of 130 and 1495?
65
What is the greatest common factor of 26 and 3146?
26
Calculate the greatest common divisor of 45 and 126.
9
Calculate the greatest common factor of 45 and 17415.
45
What is the greatest common factor of 115 and 851?
23
What is the highest common factor of 13867 and 49?
49
What is the highest common factor of 7272 and 72?
72
What is the greatest common factor of 14 and 8?
2
Calculate the highest common divisor of 160 and 1520.
80
What is the greatest common factor of 20 and 3190?
10
What is the highest common divisor of 120 and 184?
8
What is the greatest common divisor of 180 and 270?
90
Calculate the greatest common factor of 4 and 50.
2
Calculate the greatest common factor of 310 and 10.
10
Calculate the highest common divisor of 156 and 36.
12
Calculate the highest common divisor of 296 and 222.
74
What is the greatest common factor of 25 and 95?
5
Calculate the greatest common divisor of 171 and 1615.
19
Calculate the greatest common divisor of 85 and 20.
5
Calculate the highest common divisor of 2 and 11.
1
What is the highest common factor of 10 and 170?
10
Calculate the greatest common divisor of 9 and 411.
3
Calculate the greatest common factor of 410 and 66420.
410
What is the highest common divisor of 105 and 10?
5
Calculate the greatest common factor of 5191 and 29.
29
Calculate the highest common divisor of 34 and 442.
34
What is the greatest common divisor of 399 and 38?
19
What is the highest common factor of 56021 and 371?
371
Calculate the highest common factor of 369 and 41.
41
Calculate the highest common factor of 632 and 79.
79
What is the greatest common factor of 444 and 1036?
148
Calculate the highest common divisor of 98 and 84.
14
What is the highest common factor of 11 and 451?
11
Calculate the greatest common divisor of 5 and 81.
1
Calculate the greatest common factor of 33 and 55.
11
What is the greatest common divisor of 833 and 17?
17
Calculate the highest common factor of 446 and 1115.
223
Calculate the greatest common factor of 15 and 6645.
15
What is the greatest common divisor of 71 and 5609?
71
Calculate the greatest common divisor of 946 and 43.
43
What is the highest common divisor of 3336 and 4031?
139
Calculate the highest common factor of 48 and 28128.
48
Calculate the greatest common factor of 238 and 374.
34
What is the greatest common factor of 30 and 1050?
30
What is the greatest common divisor of 195 and 156?
39
Calculate the highest common divisor of 387 and 144.
9
What is the highest common divisor of 5544 and 126?
126
Calculate the greatest common factor of 28238 and 28.
14
Calculate the highest common factor of 54 and 4374.
54
What is the highest common divisor of 69 and 1863?
69
What is the highest common factor of 105 and 48615?
105
What is the greatest common divisor of 3840 and 2160?
240
Calculate the greatest common factor of 546 and 2106.
78
What is the highest common divisor of 406 and 4234?
58
Calculate the highest common factor of 54 and 36.
18
What is the greatest common factor of 8 and 1672?
8
What is the highest common divisor of 25 and 5225?
25
What is the greatest common factor of 2192 and 16?
16
What is the greatest common divisor of 671 and 99?
11
Calculate the greatest common factor of 840 and 21.
21
What is the greatest common divisor of 47 and 23?
1
Calculate the highest common divisor of 9089 and 122.
61
Calculate the highest common divisor of 38 and 2.
2
What is the highest common divisor of 629 and 111?
37
What is the greatest common factor of 928 and 29?
29
What is the greatest common divisor of 504 and 224?
56
What is the greatest common divisor of 833 and 49?
49
Calculate the highest common divisor of 2 and 240.
2
Calculate the highest common factor of 5 and 2815.
5
What is the highest common factor of 406 and 210?
14
Calculate the greatest common divisor of 3 and 24.
3
Calculate the highest common divisor of 110 and 14795.
55
What is the highest common factor of 234 and 177?
3
Calculate the greatest common divisor of 60 and 144.
12
What is the greatest common divisor of 603 and 9?
9
Calculate the highest common divisor of 189 and 27.
27
Calculate the highest common factor of 24827 and 1221.
407
What is the highest common factor of 1 and 2?
1
What is the greatest common factor of 5698 and 77?
77
Calculate the greatest common divisor of 5 and 7445.
5
Calculate the highest common divisor of 10 and 75.
5
Calculate the highest common factor of 131 and 14672.
131
What is the greatest common divisor of 923 and 13?
13
Calculate the greatest common divisor of 130 and 40.
10
What is the highest common factor of 445 and 89?
89
Calculate the greatest common divisor of 201 and 4757.
67
What is the greatest common factor of 4491 and 18?
9
What is the highest common factor of 8 and 118?
2
What is the greatest common factor of 168 and 192?
24
Calculate the highest common factor of 1040 and 4880.
80
Calculate the highest common factor of 900 and 125.
25
What is the greatest common divisor of 29 and 232?
29
Calculate the highest common divisor of 657 and 73.
73
Calculate the highest common factor of 456 and 57.
57
Calculate the highest common factor of 3010 and 20.
10
What is the greatest common divisor of 133 and 2128?
133
Calculate the highest common divisor of 351 and 13.
13
Calculate the highest common divisor of 528 and 231.
33
Calculate the greatest common divisor of 27 and 342.
9
What is the highest common divisor of 288 and 1800?
72
What is the greatest common divisor of 305 and 15?
5
What is the highest common divisor of 6 and 198?
6
Calculate the greatest common factor of 1536 and 9024.
192
What is the greatest common divisor of 48 and 456?
24
What is the highest common factor of 248 and 3100?
124
Calculate the greatest common divisor of 136 and 8636.
68
Calculate the highest common factor of 16 and 136.
8
Calculate the greatest common factor of 280 and 11800.
40
What is the greatest common factor of 189 and 162?
27
What is the greatest common divisor of 166 and 98?
2
Calculate the greatest common divisor of 304 and 19.
19
What is the greatest common divisor of 300 and 2625?
75
Calculate the greatest common divisor of 2640 and 363.
33
Calculate the greatest common factor of 200 and 8300.
100
Calculate the highest common factor of 1083 and 114.
57
Calculate the highest common divisor of 270 and 54.
54
What is the greatest common factor of 423 and 18?
9
What is the highest common factor of 130 and 82550?
130
Calculate the highest common divisor of 15 and 1215.
15
Calculate the highest common divisor of 41 and 3075.
41
What is the greatest common divisor of 957 and 132?
33
Calculate the greatest common factor of 704 and 968.
88
Calculate the highest common factor of 20 and 405.
5
What is the highest common factor of 110 and 5830?
110
What is the highest common factor of 74 and 925?
37
What is the greatest common factor of 893 and 114?
19
Calculate the greatest common divisor of 65 and 10.
5
Calculate the greatest common divisor of 85 and 136.
17
What is the greatest common divisor of 64 and 368?
16
What is the highest common factor of 41551 and 74?
37
Calculate the highest common factor of 24 and 264.
24
Calculate the greatest common divisor of 3976 and 168.
5